 What is the highest common factor of y and a?
9
Suppose 68*b + 208 = 72*b. What is the greatest common divisor of b and 12?
4
Suppose 120 = i + 15*z - 13*z, i = 2*z + 104. Calculate the greatest common factor of 208 and i.
16
Let u(g) = 2 + 63*g**3 + 2*g - 68*g**3 - 1. Let a be u(-3). Calculate the greatest common factor of a and 65.
65
Let r be (-2 + 1)*(2 - 1). Let l(i) = -63*i - 2. Let w be l(r). Suppose 0*a = -a - 3*x + 21, 5*a - w = -4*x. What is the highest common factor of a and 9?
9
Let b be 1 + -5 - -4 - 24*-1. Suppose 15*d - b = -9*d. Suppose 5*t = 2*t + 24. What is the greatest common factor of t and d?
1
Let u be ((-2)/(-4))/((-3)/(-66)). Suppose -4 = w - 5*p, p + 35 + u = -5*w. Let m be 119/9 - (-2)/w. What is the greatest common divisor of 13 and m?
13
Let j be (27/15)/(6/40). Suppose -3*q = -3*t + 8*t - 8, 0 = q + 4. Calculate the highest common factor of j and t.
4
Let w = 133 + -89. Suppose -68*a - 3*v + 75 = -67*a, 4*v - 12 = 0. Calculate the greatest common factor of w and a.
22
Suppose 8 = 3*k - m, 4*k + 0*m + m = 20. Suppose -k*c - 144 = -10*c. What is the highest common factor of 36 and c?
12
Let p be 4/30 - (-98154)/945. Suppose -o - 4*n + 156 = 0, -5*o - 2*n - n = -780. Calculate the greatest common divisor of p and o.
52
Let s be 2/(-4)*(0 - 128). Let y be 3*(-56)/42 + 8. Calculate the greatest common factor of s and y.
4
Let j(w) = w + 17. Let u be j(-15). Calculate the highest common divisor of u and 118.
2
Let b(a) = 26*a - 164. Let c be b(10). What is the highest common factor of 128 and c?
32
Suppose 835 = 5*d + 485. Let f(j) = -j + 2*j - 2*j + 1 + 7*j**3. Let q be f(1). Calculate the highest common divisor of d and q.
7
Let r(m) = 4*m**2 - 4*m + 4. Let p be (16/(-10))/(-3*8/60). Let x be r(p). Calculate the greatest common factor of x and 13.
13
Let i = -740 + 805. What is the highest common divisor of 832 and i?
13
Suppose 6*v - 151 - 29 = 0. Let c = -15 + 9. Let d(n) = n**3 + 7*n**2 + 4*n - 2. Let m be d(c). Calculate the greatest common divisor of v and m.
10
Suppose 2*z - 4*o - 88 = 0, 4*z - 3*o + 0*o - 176 = 0. Let m = -32 + z. Calculate the highest common divisor of 132 and m.
12
Suppose 11*z = -6*z + 1020. What is the greatest common factor of z and 15?
15
Let o(i) = i + 25. Let z be o(0). Let h be 5*10*(-255)/(-102). Calculate the greatest common factor of h and z.
25
Suppose 0 = 2*s - 150 - 18. Suppose 3*c - 74 = 4*h, 3*c - 3*h = -12 + s. Let f be (-664)/(-6) - 4/6. What is the highest common factor of c and f?
22
Let o = -20 - -22. Let r be -3 + 2*(0 + o). Suppose -3*a - 33 = -6*a. Calculate the highest common factor of r and a.
1
Let y(l) = 3*l - 17. Let v be y(4). Let g = 17 - v. Suppose -5*o - d + 15 = 0, 0 = -0*d + 3*d - 15. Calculate the highest common factor of o and g.
2
Let r(v) = 3*v**2 + 2*v - 1. Let w be r(1). Suppose 3*l = -a + 42, -w*l + 3*l = 3*a - 126. What is the greatest common factor of a and 7?
7
Let q = -8 + 8. Suppose 0*h + 5*h - 90 = q. Suppose 118 = 5*n - 242. What is the greatest common factor of h and n?
18
Let t(b) = 7*b**2 + 11*b + 4. Let h(m) = -6*m**2 - 10*m - 3. Let q(f) = -6*h(f) - 5*t(f). Let l be q(4). What is the greatest common factor of 85 and l?
17
Suppose -2*y = -17*i + 18*i - 4, 3*i - 8 = -2*y. Calculate the highest common factor of 65 and i.
1
Let h be (40 - 0) + (-4)/(-2). Let k be 4/14 - 620/(-35). Suppose -c + k + 10 = 0. Calculate the highest common divisor of h and c.
14
Let v be (-2 + (-16 - -5))*(2 + -9). Calculate the highest common divisor of 13 and v.
13
Let q be (2 - (-2 - -5)) + 3 - 313. Let n = q - -527. What is the highest common factor of 27 and n?
27
Let r be (-3 + 1 + -129)/(-1). Let b be 1/6 - r/(-6). Calculate the greatest common divisor of 11 and b.
11
Suppose 139 = q + f - 2*f, 5*f - 385 = -3*q. Let v(u) = -26*u**3 + 2*u**2 - 10*u - 11. Let a be v(-1). What is the highest common divisor of q and a?
27
Let g = -319 - -454. Calculate the greatest common divisor of 30 and g.
15
Let t = -96 + 201. Suppose 0*h - t = -5*h. Suppose g - 52 = -4*q - 3*g, 0 = -2*q - g + h. Calculate the greatest common divisor of 88 and q.
8
Let v(s) = 7*s**3 - s**2 - 4. Let m be v(2). What is the greatest common factor of 256 and m?
16
Let l = 1378 + -1313. Calculate the highest common divisor of 65 and l.
65
Suppose -141*u + 163*u = 220. Let f(w) = 14*w**2 + 4*w + 2. Let m be f(-2). What is the highest common factor of u and m?
10
Suppose 2*t - 216 = -2*r, -5*t = r - 164 + 48. What is the highest common factor of r and 477?
53
Suppose -7*m + 44 = -3*m. Suppose d - m = -9. Suppose 0 = d*p - 15 + 5. Calculate the highest common divisor of 1 and p.
1
Suppose -5*c + 699 - 93 = 2*q, 0 = 2*c + 5*q - 255. Let w be ((-432)/c)/(6/(-220)). What is the greatest common factor of w and 12?
12
Let h = 24 - 21. Suppose -h*m + 8 = -19. Calculate the greatest common divisor of m and 36.
9
Suppose 6*n - 26 + 8 = 0. Suppose m = -n*h + 11 + 13, 4*h - 20 = 0. Calculate the greatest common divisor of m and 9.
9
Suppose 7*w - 164 = 3*w - 4*s, 4*w - s = 179. What is the greatest common factor of 33 and w?
11
Let i be (-1)/(-1*2/222). Suppose 436*l - 439*l = -3*a - 84, 4*a + 149 = 5*l. Calculate the greatest common factor of i and l.
37
Suppose 10*b = 26 + 1194. Calculate the greatest common divisor of 183 and b.
61
Suppose -k + 3 = 4*i + 4, i = -2*k + 19. Let o be -4 - (169 + 2 + 6/3). Let v = o + 188. Calculate the greatest common divisor of k and v.
11
Let p = -44 + 53. Suppose 0 = p*c - 6*c - 48. Calculate the highest common factor of 16 and c.
16
Suppose n = -2*n + 5*d + 44, 4*d = -3*n + 8. Suppose -n*r = -10*r + 2. What is the greatest common factor of r and 17?
1
Suppose -6*w - 105 = -13*w. What is the greatest common factor of 60 and w?
15
Let u(m) = 2*m**2 - 2*m + 2. Let a be u(2). What is the highest common divisor of 57 and a?
3
Let j(s) = -s**2 - 17*s - 33. Let g be j(-3). Calculate the highest common divisor of g and 39.
3
Suppose -75*j + 1842 = -2433. Calculate the greatest common factor of 247 and j.
19
Let j(z) = -2*z + 32. Let o be j(0). Let r be -6 + o - 1*2. What is the greatest common factor of 192 and r?
24
Let g be -3 + (9 - (1 - -3)). Suppose -72 = -g*p + 34. Suppose 5*z - 12 - p = -5*r, -38 = -5*r + 4*z. Calculate the highest common divisor of r and 110.
10
Let v = -43 + 133. Let a(d) = d**2 - d + 30. Let f be a(0). What is the highest common factor of f and v?
30
Let m(x) = 109*x**2 + 2*x - 1. Let g be m(1). Let c(v) = -v**2 - 15*v + 10. Let w be c(-15). What is the greatest common factor of w and g?
10
Let z = 2192 + -1220. What is the greatest common factor of 12 and z?
12
Suppose 2*c - y = 84 + 14, -3*y - 194 = -4*c. Suppose 0 = m + 4*m - c. What is the greatest common factor of 30 and m?
10
Let r(l) = -25*l + 610. Let i be r(13). Calculate the highest common factor of i and 60.
15
Let u(k) = k**2 - 8*k - 15. Let l be u(12). Suppose 2*d = l - 1. What is the highest common factor of d and 80?
16
Suppose a + 0*a = 0, 0 = -f + 5*a + 6. Suppose f = z - 0. What is the greatest common divisor of 9 and z?
3
Suppose 2*w = -3*d + 38, 5*d - 4*w = 2*d + 32. What is the highest common divisor of d and 92?
4
Let x be (-7)/(-2) - 17/(-34). What is the highest common divisor of x and 256?
4
Suppose 4*b + 15*u = 10*u + 133, -4*b = u - 129. Calculate the greatest common divisor of b and 5728.
32
Suppose 0 = 5*n + r - 455, -3*n + 240 = -4*r - 33. What is the greatest common factor of n and 14?
7
Let a(m) = 10*m + 31. Let b be a(-10). Let f = b - -75. Calculate the highest common factor of 54 and f.
6
Let d be 84/2 - (-13 + 10). Let p be (2*-19)/(-5 + d/10). What is the highest common divisor of p and 190?
38
Suppose -3*u - j - 3*j = -60, -4*j - 60 = -2*u. Let f = -17 + u. What is the greatest common factor of f and 56?
7
Let f = 3 - -9. Suppose f = -v + 29. What is the highest common factor of v and 187?
17
Suppose -4*w + 6*m + 576 = 0, -4*w - 8*m + 10*m = -560. What is the greatest common factor of w and 6?
6
Suppose -3*m + 6 = -3*x, -2*m - 2*x = -6*x - 2. Suppose 4*r = d - m*d - 10, 3*r = -4*d - 5. Calculate the highest common factor of 8 and d.
1
Let f(k) = -k**3 + 11*k**2 + 29*k - 33. Let q be f(13). Calculate the greatest common factor of 12 and q.
6
Let o(y) = y**3 + 12*